ermine r(0).
5
Let j(n) = 17029*n - 630062. What is j(37)?
11
Let f(t) = -t**2 + 4191*t + 88443. Determine f(-21).
-9
Let b(s) = -s**3 + 423*s**2 - 6899*s - 1202. Determine b(406).
16
Let n(l) = -l**3 - 15*l**2 + 812*l - 44. What is n(-37)?
30
Let k(x) = -x**2 + 278*x - 10039. Give k(39).
-718
Let w(t) = -15487*t - 61899. Determine w(-4).
49
Let g(u) = -228157*u + 1597109. What is g(7)?
10
Let r(t) = -406*t + 10395. Give r(25).
245
Let d(y) = 5*y**3 + 37*y**2 - 1064*y - 5618. What is d(-5)?
2
Let s(g) = 326*g + 11669. Determine s(-35).
259
Let n(o) = -153*o**2 - 12*o + 105. Determine n(-4).
-2295
Let t(r) = -5*r**2 - 18185*r - 271646. Calculate t(-15).
4
Let t(z) = 22*z**2 - 97*z - 361. Calculate t(7).
38
Let s(l) = -l**3 - 136*l**2 - 168*l - 2656. What is s(-135)?
1799
Let x(d) = d**3 - 13*d**2 - 2236*d - 923. What is x(-41)?
-21
Let a(x) = -2*x**3 + 172*x**2 + 195*x - 75. Determine a(87).
1752
Let p(r) = r**3 + 54*r**2 - 1578*r - 86430. What is p(-53)?
13
Let q(o) = 388*o - 64829. Give q(167).
-33
Let z(f) = 14684*f - 12481419. Determine z(850).
-19
Let w(i) = -31260*i - 31395. Determine w(-1).
-135
Let l(f) = -2*f**3 + 1088*f**2 - 6431*f - 13126. Give l(538).
324
Let c(p) = 42*p - 5428. What is c(-27)?
-6562
Let p(n) = -831*n - 111266. Give p(-134).
88
Let s(i) = -9*i**2 + 153*i - 430. What is s(4)?
38
Let k(h) = -76*h - 3426. Calculate k(-45).
-6
Let o(t) = -2*t**3 + 149*t**2 - 193*t - 1901. Give o(73).
-3
Let f(l) = 38893*l - 116273. Give f(3).
406
Let b(m) = 2*m**3 + 29*m**2 - 162*m - 1549. What is b(-17)?
-240
Let p(m) = 6*m**3 - 17*m**2 - 332*m + 1198. Give p(4).
-18
Let x(k) = k**3 - 688*k**2 + 4798*k - 223. Determine x(7).
-6
Let q(u) = -6506*u - 22206. Give q(-3).
-2688
Let t(u) = u**3 - 654*u**2 + 4536*u - 56. What is t(7)?
-7
Let q(m) = -m**3 - 239*m**2 + 50*m + 11975. Give q(-239).
25
Let j(p) = -99*p**2 + 208*p + 13. Calculate j(8).
-4659
Let j(v) = 45*v**2 + 1335*v + 4279. Determine j(-26).
-11
Let n(y) = -392950*y + 12967343. Determine n(33).
-7
Let g(a) = -482*a + 4532. Determine g(6).
1640
Let o(i) = 2*i**3 - 39*i**2 - 252*i + 5264. Determine o(18).
-244
Let y(c) = -c**2 + 822*c + 36288. Calculate y(-42).
0
Let i(u) = 3511*u - 10297. Determine i(3).
236
Let h(k) = -22420*k + 224287. Give h(10).
87
Let m(z) = -9*z**2 - 1305*z - 12141. Calculate m(-135).
9
Let r(j) = -3856*j + 335129. Give r(87).
-343
Let g(j) = 5*j**2 + 89*j - 5391. Give g(25).
-41
Let g(z) = -205*z**3 - z**2 + 26*z + 33. Calculate g(-3).
5481
Let q(g) = -522*g - 17832. Calculate q(-34).
-84
Let z(v) = 3990*v + 4410. Determine z(-1).
420
Let b(a) = -3962*a**2 + 4980*a + 4979. Calculate b(-1).
-3963
Let g(p) = p**3 + 12*p**2 - 58*p + 39. Give g(-16).
-57
Let j(c) = -107*c - 1282. Calculate j(-6).
-640
Let l(p) = p**3 + 37*p**2 - 4647*p - 178216. What is l(-39)?
-25
Let a(c) = 75*c**2 - 55*c + 13. Determine a(1).
33
Let b(a) = -161*a + 2781. Give b(13).
688
Let i(h) = 106*h**3 + 15157*h**2 - 131*h + 1610. What is i(-143)?
-106
Let j(t) = 185206*t + 185198. What is j(-1)?
-8
Let m(t) = -809*t + 9214. Determine m(12).
-494
Let m(l) = -2974*l**2 - 7*l - 447. Calculate m(0).
-447
Let k(c) = -2*c**3 + 432*c**2 + 422*c + 3104. Determine k(217).
500
Let k(h) = 5*h**3 - 344*h**2 + 237*h + 159. Determine k(68).
-2221
Let s(i) = i**2 - 62766*i + 4012928. Calculate s(64).
0
Let t(n) = -2*n**2 - 2276*n - 598849. Give t(-725).
1
Let d(n) = n**3 - 102*n**2 + 1758*n - 357. Determine d(80).
-517
Let k(h) = -10*h**2 + 13849*h - 41531. Calculate k(3).
-74
Let i(j) = 217*j**2 - 1332*j - 36. What is i(4)?
-1892
Let m(v) = -7*v**2 - 3506*v - 51014. Give m(-15).
1
Let x(j) = 2*j**3 + 27*j**2 - 1756*j - 22999. Give x(-13).
-2
Let l(o) = -35*o**3 + 847*o**2 - 96*o + 103. Give l(24).
1831
Let g(m) = 1915*m - 2607. Give g(1).
-692
Let k(y) = 61*y**2 - 3308*y + 90. What is k(54)?
-666
Let r(x) = -7285*x - 2586253. Calculate r(-355).
-78
Let g(h) = -h**3 - 6*h**2 + 57*h + 199. Give g(-4).
-61
Let d(r) = r**2 + 9428*r + 729301. What is d(-78)?
1
Let o(n) = -2*n**2 + 3389*n - 748283. Calculate o(261).
4
Let j(p) = -1258804*p + 46575743. Give j(37).
-5
Let o(r) = 149*r - 7451. Determine o(48).
-299
Let o(u) = -37*u**2 - 1874*u + 390. Determine o(-51).
-273
Let g(t) = -121*t**3 + t**2 + 6880*t - 6882. Give g(1).
-122
Let i(z) = 10*z**2 - 10864*z + 300475. Determine i(1058).
3
Let v(z) = -z**3 - 25*z**2 - 159*z + 30. Give v(-11).
85
Let z(t) = 10*t**3 + 980*t**2 - 7*t + 260. What is z(-98)?
946
Let g(j) = -5*j**2 - 109*j + 22. Calculate g(-22).
0
Let x(t) = 2*t**3 + 24*t**2 + 82*t + 428. Give x(-11).
-232
Let u(r) = -5*r**2 + 2227*r + 27475. What is u(-12)?
31
Let q(n) = 2*n**3 + 2155*n**2 + 411416*n - 3973. Calculate q(-248).
-5
Let b(j) = -j**2 - 706*j - 72599. Calculate b(-581).
26
Let s(x) = -x**3 - 58*x**2 + 5109*x + 296264. Calculate s(-58).
-58
Let q(t) = 44*t**2 + 11*t - 2372. Determine q(7).
-139
Let r(l) = l**2 - 124*l + 532. Calculate r(4).
52
Let p(l) = l**2 + 814*l + 22073. Determine p(-28).
65
Let n(h) = -h**3 - 120*h**2 - 794*h - 442. What is n(-113)?
-103
Let v(a) = a**2 + 121403*a - 849862. What is v(7)?
8
Let w(k) = -2*k**3 + 106*k**2 + 156*k - 36. What is w(54)?
2556
Let c(s) = 81906*s + 3931490. What is c(-48)?
2
Let p(f) = -5*f**2 - 309*f + 58. Determine p(-61).
302
Let f(r) = 3101*r - 11936. Give f(4).
468
Let r(u) = u**2 + 1279*u - 105771. Calculate r(78).
75
Let c(o) = -54*o**2 + 1710*o + 662. What is c(32)?
86
Let v(c) = -662*c**2 + 5965*c - 207. Calculate v(9).
-144
Let m(i) = i**2 - 148*i - 3604. What is m(-21)?
-55
Let i(k) = k**2 - 15227*k + 30473. Calculate i(2).
23
Let g(p) = 117*p**2 + 5491*p - 365. Give g(-47).
11
Let u(i) = 1337*i + 6697. What is u(-5)?
12
Let o(a) = 263*a - 18804. Determine o(73).
395
Let z(q) = q**3 + 208*q**2 - 1738*q - 2027. What is z(-216)?
133
Let z(o) = 978*o + 70002. What is z(-71)?
564
Let d(z) = 6024*z - 36185. What is d(6)?
-41
Let o(a) = 25*a**3 - 182*a**2 + 557*a + 7. Determine o(3).
715
Let b(c) = -60*c - 9082. What is b(-153)?
98
Let c(p) = 11*p**2 - 31750*p - 159021. Calculate c(-5).
4
Let u(t) = -t**2 - 327*t + 8442. Determine u(24).
18
Let t(s) = -23503*s - 47012. Determine t(-2).
-6
Let c(r) = -1424*r - 98250. Determine c(-69).
6
Let m(d) = -89*d**2 - 1884*d - 2261. Calculate m(-20).
-181
Let t(f) = -143*f - 1078. Give t(-8).
66
Let y(o) = 4*o**3 - 134*o**2 - 453*o - 94. Give y(-3).
-49
Let v(l) = 2*l**2 - 170*l + 1330. Give v(79).
382
Let q(j) = -2054*j + 515467. What is q(251)?
-87
Let n(w) = -3*w**2 + 87272*w + 2533416. Give n(-29).
5
Let m(b) = -384*b + 16696. Determine m(44).
-200
Let a(p) = -29*p**2 - 39761*p - 79489. Calculate a(-2).
-83
Let s(o) = -1077*o + 35470. What is s(33)?
-71
Let i(r) = -496*r**2 + 80369*r - 2745. What is i(162)?
9
Let s(f) = f**3 - 26117*f**2 + 2653531*f - 106. Calculate s(102).
-4
Let g(w) = 10111*w + 606774. Give g(-60).
114
Let k(x) = 2*x**3 - 24*x**2 + 16*x + 18. Determine k(10).
-222
Let l(i) = -i**3 - 30*i**2 - 196*i - 145. Calculate l(-21).
2
Let t(u) = -4137*u + 4273. Determine t(1).
136
Let c(p) = 2*p**2 - 5937*p + 112388. Calculate c(19).
307
Let v(g) = 6*g**3 + 9*g**2 - 364*g + 1047. Give v(3).
198
Let h(n) = 2*n**2 + 65*n + 454. What is h(-9)?
31
Let c(n) = -4315*n - 82176. Give c(-19).
-191
Let n(h) = h**3 + 53*h**2 - 95*h - 1861. What is n(-54)?
353
Let z(n) = 210*n**3 - 115501*n**2 + 529*n + 11557. What is z(550)?
7
Let l(c) = 2281*c - 312480. Calculate l(137).
17
Let u(k) = k**3 - 169*k**2 - 967*k + 32. Calculate u(0).
32
Let g(c) = 2846*c - 6389. Determine g(2).
-697
Let t(h) = 44291*h + 10231217. Calculate t(-231).
-4
Let s(i) = 85*i**3 - 11*i**2 - 14*i - 1. Give s(-1).
-83
Let a(q) = -2179*q + 132902. Calculate a(61).
-17
Let t(o) = 6973*o - 313808. Give t(45).
-23
Let l(i) = -33*i**3 - 4*i**2 + 340*i - 1371. What is l(4)?
-2187
Let u(d) = -2967*d - 1418138. Give u(-478).
88
Let m(r) = -17*r**3 - 10*r**2 + 616*r + 5. Determine m(0).
5
Let l(m) = -3*m**3 - 254*m**2 - 2. Give l(2).
-1042
Let n(f) = -2*f**3 + 586*f**2 - 13*f + 4341. Give n(293).
532
Let k(h) = -h**2 - 11788*h - 516734. Determine k(-44).
2
Let o(r) = -973*r - 6737. What is o(-7)?
74
Let z(d) = -221*d - 3580. Calculate z(-18).
398
Let w(u) = -102*u + 2255. Calculate w(13).
929
Let j(q) = -q**2 - 3275*q + 83